{"id":200,"date":"2017-02-26T11:39:38","date_gmt":"2017-02-26T11:39:38","guid":{"rendered":"https:\/\/ucutucuman.com.ar\/?page_id=200"},"modified":"2023-04-08T19:31:00","modified_gmt":"2023-04-08T22:31:00","slug":"servicios","status":"publish","type":"page","link":"https:\/\/ucutucuman.com.ar\/index.php\/servicios\/","title":{"rendered":"Nuestros Servicios"},"content":{"rendered":"<p>[vc_row full_width=\u00bbstretch_row\u00bb disable_element=\u00bbyes\u00bb css=\u00bb.vc_custom_1680971893770{background-color: #f7f7f7 !important;}\u00bb][vc_column][vc_empty_space height=\u00bb3em\u00bb alter_height=\u00bbnone\u00bb hide_on_mobile=\u00bb\u00bb][vc_empty_space height=\u00bb0.55em\u00bb alter_height=\u00bbnone\u00bb hide_on_mobile=\u00bb1&#8243;][vc_empty_space height=\u00bb3em\u00bb alter_height=\u00bbbig\u00bb hide_on_mobile=\u00bb1&#8243;]<div  id=\"sc_promo_2039489395\" \r\n\tclass=\"sc_promo sc_promo_default sc_promo_size_normal sc_promo_no_paddings sc_promo_image_position_left\"><div class=\"sc_promo_image lazyload\" style=\"background-image:inherit;width:50%;left: 0;\" data-bg-image=\"url(https:\/\/ucutucuman.com.ar\/wp-content\/uploads\/2017\/02\/img_abt2.jpg)\"><\/div><div class=\"sc_promo_text\" style=\"width: 50%;float: right;\">\r\n\t\t\t<div class=\"sc_promo_text_inner\" style=\"\"><div class=\"sc_promo_content sc_item_content\"><div id=\"sc_title_1731334009\"\r\n\t\tclass=\"sc_title sc_title_default\"><h1 class=\"sc_item_title sc_title_title sc_align_left sc_item_title_style_default sc_item_title_tag\">The Company's Mission in the Practice of Law<\/h1><div class=\"sc_item_descr sc_title_descr sc_align_left\"><p>Sed ut perspiciatis unde omnis iste natus error sit voluptatem accusantium doloremque laudantiumtotam rem aperiam, eaque ipsa quae ab illo inventore veritatis et quasi architecto beatae vitae dicta sunt explicabo. Nemo enim ipsam voluptatem quia voluptas sit asper.<\/p>\n<\/div><\/div><!-- \/.sc_title -->[vc_empty_space height=\u00bb1.2em\u00bb alter_height=\u00bbnone\u00bb hide_on_mobile=\u00bb\u00bb][vc_progress_bar values=\u00bb%5B%7B%22label%22%3A%22Graphic%20Design%22%2C%22value%22%3A%2250%22%7D%2C%7B%22label%22%3A%22HTML5%20%26%20CSS3%22%2C%22value%22%3A%2290%22%7D%2C%7B%22label%22%3A%22Web%20Design%22%2C%22value%22%3A%2275%22%7D%2C%7B%22label%22%3A%22WordPress%22%2C%22value%22%3A%2245%22%7D%5D\u00bb bgcolor=\u00bbcustom\u00bb narrow=\u00bb1&#8243; units=\u00bb%\u00bb custombgcolor=\u00bb#d4a971&#8243;]<\/div><\/div>\r\n\t\t<\/div><!-- \/.sc_promo_text --><\/div><!-- \/.sc_promo -->[vc_empty_space height=\u00bb3em\u00bb alter_height=\u00bbnone\u00bb hide_on_mobile=\u00bb\u00bb][vc_empty_space height=\u00bb0.55em\u00bb alter_height=\u00bbnone\u00bb hide_on_mobile=\u00bb1&#8243;][vc_empty_space height=\u00bb3em\u00bb alter_height=\u00bbbig\u00bb hide_on_mobile=\u00bb1&#8243;][\/vc_column][\/vc_row][vc_row][vc_column][vc_empty_space height=\u00bb3em\u00bb alter_height=\u00bbnone\u00bb hide_on_mobile=\u00bb\u00bb][vc_empty_space height=\u00bb1.1em\u00bb alter_height=\u00bbnone\u00bb hide_on_mobile=\u00bb1&#8243;][vc_empty_space alter_height=\u00bblarge\u00bb hide_on_mobile=\u00bb1&#8243;]<div id=\"sc_title_1231424656\"\r\n\t\tclass=\"sc_title sc_title_custom_image\"><h6 class=\"sc_item_subtitle sc_title_subtitle sc_align_center sc_item_title_style_custom_image\">Nuestros Servicios<\/h6><h1 class=\"sc_item_title sc_title_title sc_align_center sc_item_title_style_custom_image sc_item_title_tag\">Asesorarse para realizar un reclamo judicial o extrajudicial, en casos tales como:<\/h1><\/div><!-- \/.sc_title --><div id=\"sc_content_2146548769\"\r\n\t\tclass=\"sc_content sc_content_default sc_float_center\"><div class=\"sc_item_descr sc_content_descr sc_align_left\"><p>\u2022 Reclamos por incumplimientos en contratos de plan de ahorro. Demoras en la entrega de veh\u00edculos. Incumplimiento de pago de la penalidad por retardo en la entrega de los veh\u00edculos conforme lo establecido en el contrato. Conflictos con el pago de la \u00faltima cuota del plan de ahorro en casos que fueron alcanzados por medidas cautelares de congelamiento del valor de las cuotas.<\/p>\n<p>\u2022 Reclamos por incrementos desproporcionados en el valor de las cuotas de pr\u00e9stamos hipotecarios UVA e incumplimientos al deber de informaci\u00f3n sobre la liquidaci\u00f3n de dichas cuotas.<\/p>\n<p>\u2022 Reclamos por incumplimientos de contratos de tur\u00edsmo. Contrataciones de paquetes tur\u00edsticos a empresas de turismo (Despegar; Almundo; Avantrip; Bestday; etc.). Da\u00f1os sufridos durante la contrataci\u00f3n de servicios conexos o vinculados al turismo (Contrataci\u00f3n de pasajes a\u00e9reos).<\/p>\n<p>\u2022 Reclamos por incumplimientos contractuales y da\u00f1os sufridos en ocasi\u00f3n de contrataci\u00f3n de Transporte Terrestre (Empresas de transporte de pasajeros de larga distancia).<\/p>\n<p>\u2022 Reclamos por incumplimientos en operaciones de cr\u00e9dito para consumo. Inconvenientes con empresas de tarjetas de cr\u00e9dito, entidades bancarias (pr\u00e9stamos personales\/hipotecarios\/prendarios, pr\u00e9stamos contratados con empresas financieras en general).<\/p>\n<p>\u2022 Reclamos por servicios de Telefon\u00eda m\u00f3vil y fija, Internet, Televisi\u00f3n y dem\u00e1s conflictos con empresas proveedoras de servicios audiovisuales.<\/p>\n<p>\u2022 Reclamos por Antecedentes negativos en bases de datos de registro de deudores del Sistema financieros como Veraz, Codesa o Banco Central de la Rep\u00fablica Argentina.<\/p>\n<p>\u2022 Reclamos por incumplimientos en compraventas Inmobiliarias (Adquisiciones de departamentos en la modalidad \u201cen pozo\u201d; contratos celebrados con Fideicomisos inmobiliarios)<\/p>\n<p>\u2022 Reclamos por desperfectos de f\u00e1brica que presentan veh\u00edculos adquiridos 0km (Servicios t\u00e9cnicos de concesionarios oficiales; Reparaciones no satisfactorias de los desperfectos t\u00e9cnicos; etc.)<\/p>\n<p>\u2022 Reclamos por Incumplimientos de la garant\u00eda legal o contractual de bienes no consumibles (Veh\u00edculos; eletrodom\u00e9sticos; computadoras; telefon\u00eda celular; etc.).<\/p>\n<\/div><div class=\"sc_content_container\"><\/div><\/div><!-- \/.sc_content -->[vc_empty_space height=\u00bb0.75em\u00bb alter_height=\u00bbnone\u00bb hide_on_mobile=\u00bb1&#8243;][vc_empty_space height=\u00bb3em\u00bb alter_height=\u00bbnone\u00bb hide_on_mobile=\u00bb\u00bb][\/vc_column][\/vc_row][vc_row disable_element=\u00bbyes\u00bb][vc_column]<div class=\"sc_layouts sc_layouts_default sc_layouts_209\">[vc_row full_width=\"stretch_row\" css=\".vc_custom_1488112474984{background-image: url(https:\/\/ucutucuman.com.ar\/wp-content\/uploads\/2017\/02\/bg_vid-1.jpg?id=235) !important;background-position: center !important;background-repeat: no-repeat !important;background-size: cover !important;}\"][vc_column icons_position=\"left\"]<div id=\"sc_content_305973677\"\r\n\t\tclass=\"sc_content sc_content_default sc_float_center sc_align_center sc_content_width_1_1\"><div class=\"sc_content_container\">[vc_empty_space alter_height=\"big\" hide_on_mobile=\"1\"][vc_empty_space height=\"3em\" alter_height=\"none\" hide_on_mobile=\"\"][vc_empty_space height=\"3em\" alter_height=\"none\" hide_on_mobile=\"\"]<div class=\"sc_layouts_item\"><div class=\"sc_item_button sc_button_wrap sc_align_center\"><a href=\"#popup_about2\" id=\"sc_button_585915159\" class=\"sc_button sc_button_default sc_button_size_small sc_button_icon_top\"><span class=\"sc_button_icon\"><span class=\"icon-play-arrow\"><\/span><\/span><\/a><!-- \/.sc_button --><\/div><!-- \/.sc_item_button --><\/div>[vc_empty_space height=\"1.4em\" alter_height=\"none\" hide_on_mobile=\"\"][vc_custom_heading text=\"Our Goals &amp; Achievements\" font_container=\"tag:h1|text_align:center|color:%23ffffff\" use_theme_fonts=\"yes\" css=\".vc_custom_1491392339745{margin-top: 0px !important;margin-bottom: 0px !important;padding-top: 0px !important;padding-bottom: 0px !important;}\"][vc_empty_space height=\"0.25em\" alter_height=\"none\" hide_on_mobile=\"\"][vc_custom_heading text=\"in Legal Practice\" font_container=\"tag:h1|text_align:center|color:%23ffffff\" use_theme_fonts=\"yes\" css=\".vc_custom_1628083710797{margin-top: 0px !important;margin-bottom: 0px !important;border-bottom-width: 0px !important;padding-top: 0px !important;}\"][vc_empty_space height=\"3.5em\" alter_height=\"none\" hide_on_mobile=\"\"]<div class=\"sc_layouts_item\"><a href=\"\/our-services\/\" id=\"sc_button_1583228175\" class=\"sc_button sc_button_default3 sc_button_size_normal sc_button_icon_left\"><span class=\"sc_button_text\"><span class=\"sc_button_title\">our features<\/span><\/span><!-- \/.sc_button_text --><\/a><!-- \/.sc_button --><\/div>[vc_empty_space alter_height=\"big\" hide_on_mobile=\"1\"][vc_empty_space height=\"3em\" alter_height=\"none\" hide_on_mobile=\"\"][vc_empty_space height=\"3.65em\" alter_height=\"none\" hide_on_mobile=\"\"]<\/div><\/div><!-- \/.sc_content -->[\/vc_column][\/vc_row]<\/div>[\/vc_column][\/vc_row][vc_row el_id=\u00bbteam\u00bb][vc_column][vc_empty_space height=\u00bb3em\u00bb alter_height=\u00bbnone\u00bb hide_on_mobile=\u00bb\u00bb][vc_empty_space height=\u00bb1.1em\u00bb alter_height=\u00bbnone\u00bb hide_on_mobile=\u00bb1&#8243;]<div id=\"sc_title_395552386\"\r\n\t\tclass=\"sc_title sc_title_custom_image\"><h1 class=\"sc_item_title sc_title_title sc_align_center sc_item_title_style_custom_image sc_item_title_tag\">\u00bfQui\u00e9nes Somos?<\/h1><div class=\"sc_item_descr sc_title_descr sc_align_center\"><p>UCU TUCUM\u00c1N es una delegaci\u00f3n de la Asociaci\u00f3n Civil sin fines de lucro (ONG) denominada Usuarios y Consumidores Unidos (UCU) cuya sede principal se encuentra en la ciudad de San Nicol\u00e1s, Provincia de Buenos Aires, inscripta en el Registro Nacional de Asociaciones Civiles N\u00ba 21, aprobada por la Resoluci\u00f3n de la Secretar\u00eda de Comercio de la Naci\u00f3n N\u00ba 401-E\/2016 el 02 de diciembre de 2016 con competencia en todo el territorio nacional para asesorar a los consumidores por conflictos individuales o colectivos.<\/p>\n<\/div><\/div><!-- \/.sc_title -->[vc_empty_space height=\u00bb2.3em\u00bb alter_height=\u00bbnone\u00bb hide_on_mobile=\u00bb\u00bb]<div class=\"sc_team sc_team_default-vertical\"><div class=\"sc_team_columns sc_item_columns trx_addons_columns_wrap columns_padding_bottom\"><div class=\"trx_addons_column-1_2\">    <div class=\"sc_team_item\">\r\n        <div class=\"post_featured with_thumb hover_dots sc_team_item_thumb\"><img decoding=\"async\" width=\"450\" height=\"500\" data-src=\"https:\/\/ucutucuman.com.ar\/wp-content\/uploads\/2017\/02\/FOTO-FRANCO-450x500.jpg\" class=\"attachment-legal_stone-thumb-avatar size-legal_stone-thumb-avatar wp-post-image lazyload\" alt=\"Franco Fernando Navarro Pertot\" src=\"data:image\/svg+xml;base64,PHN2ZyB3aWR0aD0iMSIgaGVpZ2h0PSIxIiB4bWxucz0iaHR0cDovL3d3dy53My5vcmcvMjAwMC9zdmciPjwvc3ZnPg==\" style=\"--smush-placeholder-width: 450px; --smush-placeholder-aspect-ratio: 450\/500;\" \/><div class=\"mask\"><\/div><a href=\"https:\/\/ucutucuman.com.ar\/index.php\/team\/franco-pertot\/\" aria-hidden=\"true\" class=\"icons\"><span><\/span><span><\/span><span><\/span><\/a><\/div>        <div class=\"sc_team_item_info\">\r\n            <div class=\"sc_team_item_info_inner\">\r\n\r\n                <div class=\"sc_team_item_header\">\r\n                    <h4 class=\"sc_team_item_title\"><a href=\"https:\/\/ucutucuman.com.ar\/index.php\/team\/franco-pertot\/\">Franco Fernando Navarro Pertot<\/a><\/h4>\r\n                    <div class=\"sc_team_item_subtitle\">Abogado. Co-Responsable de UCU TUCUM\u00c1N<\/div>\r\n                <\/div>\r\n\r\n                <div class=\"sc_team_item_socials socials_wrap\"><a target=\"_blank\" href=\"#\" class=\"social_item social_item_style_icons social_item_type_icons\"><span class=\"social_icon social_facebook\"><span class=\"icon-facebook\"><\/span><\/span><\/a><a target=\"_blank\" href=\"#\" class=\"social_item social_item_style_icons social_item_type_icons\"><span class=\"social_icon social_instagramm\"><span class=\"icon-instagramm\"><\/span><\/span><\/a><\/div>\r\n            <\/div>\r\n        <\/div>\r\n    <\/div>\r\n<\/div><\/div><\/div><!-- \/.sc_team -->[vc_empty_space alter_height=\u00bblarge\u00bb hide_on_mobile=\u00bb1&#8243;][vc_empty_space height=\u00bb3em\u00bb alter_height=\u00bbnone\u00bb hide_on_mobile=\u00bb\u00bb][vc_empty_space height=\u00bb1.85em\u00bb alter_height=\u00bbnone\u00bb hide_on_mobile=\u00bb1&#8243;][\/vc_column][\/vc_row]<\/p>\n","protected":false},"excerpt":{"rendered":"<p>[vc_row full_width=\u00bbstretch_row\u00bb disable_element=\u00bbyes\u00bb css=\u00bb.vc_custom_1680971893770{background-color: #f7f7f7 !important;}\u00bb][vc_column][vc_empty_space height=\u00bb3em\u00bb alter_height=\u00bbnone\u00bb hide_on_mobile=\u00bb\u00bb][vc_empty_space height=\u00bb0.55em\u00bb alter_height=\u00bbnone\u00bb hide_on_mobile=\u00bb1&#8243;][vc_empty_space height=\u00bb3em\u00bb alter_height=\u00bbbig\u00bb hide_on_mobile=\u00bb1&#8243;][vc_empty_space height=\u00bb3em\u00bb alter_height=\u00bbnone\u00bb hide_on_mobile=\u00bb\u00bb][vc_empty_space height=\u00bb0.55em\u00bb alter_height=\u00bbnone\u00bb hide_on_mobile=\u00bb1&#8243;][vc_empty_space height=\u00bb3em\u00bb alter_height=\u00bbbig\u00bb hide_on_mobile=\u00bb1&#8243;][\/vc_column][\/vc_row][vc_row][vc_column][vc_empty_space height=\u00bb3em\u00bb alter_height=\u00bbnone\u00bb hide_on_mobile=\u00bb\u00bb][vc_empty_space height=\u00bb1.1em\u00bb alter_height=\u00bbnone\u00bb hide_on_mobile=\u00bb1&#8243;][vc_empty_space alter_height=\u00bblarge\u00bb hide_on_mobile=\u00bb1&#8243;][vc_empty_space height=\u00bb0.75em\u00bb alter_height=\u00bbnone\u00bb hide_on_mobile=\u00bb1&#8243;][vc_empty_space height=\u00bb3em\u00bb alter_height=\u00bbnone\u00bb hide_on_mobile=\u00bb\u00bb][\/vc_column][\/vc_row][vc_row disable_element=\u00bbyes\u00bb][vc_column][\/vc_column][\/vc_row][vc_row el_id=\u00bbteam\u00bb][vc_column][vc_empty_space height=\u00bb3em\u00bb alter_height=\u00bbnone\u00bb hide_on_mobile=\u00bb\u00bb][vc_empty_space height=\u00bb1.1em\u00bb alter_height=\u00bbnone\u00bb&hellip;<\/p>\n","protected":false},"author":1,"featured_media":0,"parent":0,"menu_order":0,"comment_status":"closed","ping_status":"closed","template":"","meta":{"_monsterinsights_skip_tracking":false,"_monsterinsights_sitenote_active":false,"_monsterinsights_sitenote_note":"","_monsterinsights_sitenote_category":0,"footnotes":""},"aioseo_notices":[],"_links":{"self":[{"href":"https:\/\/ucutucuman.com.ar\/index.php\/wp-json\/wp\/v2\/pages\/200"}],"collection":[{"href":"https:\/\/ucutucuman.com.ar\/index.php\/wp-json\/wp\/v2\/pages"}],"about":[{"href":"https:\/\/ucutucuman.com.ar\/index.php\/wp-json\/wp\/v2\/types\/page"}],"author":[{"embeddable":true,"href":"https:\/\/ucutucuman.com.ar\/index.php\/wp-json\/wp\/v2\/users\/1"}],"replies":[{"embeddable":true,"href":"https:\/\/ucutucuman.com.ar\/index.php\/wp-json\/wp\/v2\/comments?post=200"}],"version-history":[{"count":16,"href":"https:\/\/ucutucuman.com.ar\/index.php\/wp-json\/wp\/v2\/pages\/200\/revisions"}],"predecessor-version":[{"id":970,"href":"https:\/\/ucutucuman.com.ar\/index.php\/wp-json\/wp\/v2\/pages\/200\/revisions\/970"}],"wp:attachment":[{"href":"https:\/\/ucutucuman.com.ar\/index.php\/wp-json\/wp\/v2\/media?parent=200"}],"curies":[{"name":"wp","href":"https:\/\/api.w.org\/{rel}","templated":true}]}}